*p - 14*p + 53, 4*a = -2*p + y. Suppose h + 0*h - 65 = 0. Calculate the highest common factor of a and h.
13
Let m be 985 - 1*(-45)/9. What is the greatest common factor of 225 and m?
45
Suppose -3*n = -27 + 3. Let m be 11 - (-392 + -80 + 27). What is the greatest common factor of n and m?
8
Suppose -26*a = -18*a - 1056. Suppose a*k = 125*k + 651. Calculate the greatest common factor of 186 and k.
93
Suppose 3*y + 4*z = 218, 3*y - 4*z + 0*z - 250 = 0. Let u be 26*(-1 + -17)/(-1). Suppose 480*i = 484*i - u. Calculate the highest common factor of y and i.
39
Let m(b) = 61*b**2 + 34*b - 17. Let n(t) = -20*t**2 - 12*t + 6. Let g(z) = 6*m(z) + 17*n(z). Let f be g(-2). Calculate the greatest common factor of 16 and f.
8
Suppose 19*m + 184 = 23*m. Suppose 5*d + 123 = 2*v, 4*v - 349 + 82 = 3*d. Calculate the highest common divisor of m and v.
23
Let x(o) be the first derivative of 33*o**3 + o + 16. Let b be x(-1). Suppose -10*g + b = -5*g. Calculate the greatest common divisor of 10 and g.
10
Let s(w) = -87*w + 1176. Let v be s(13). Calculate the greatest common factor of v and 873.
9
Suppose 5*y + 3*z = 481, -17 - 160 = -2*y + z. Calculate the highest common divisor of y and 124.
4
Suppose -2*q - 2*q = -b + 17, -2*b + 3*q + 19 = 0. Suppose b*a = -1 + 6. Let x be (10/(-6) + a)/(62/(-13299)). What is the greatest common factor of x and 11?
11
Let x(l) = l**3 - 7*l**2 - 6*l + 3. Let j be x(8). Let i = -28 - -19. Let d(h) = -35*h - 144. Let v be d(i). What is the highest common factor of j and v?
19
Let f be (-201 + 1)*(-3720)/1984. What is the highest common divisor of f and 2875?
125
Let m = 323 + -325. Let g be 1280/(-240)*(5/4 + m). What is the highest common divisor of g and 10?
2
Let v = 14917 - 14529. Calculate the highest common divisor of 3007 and v.
97
Let c be (-82)/369 + ((-317)/(-15))/((-9)/(-15)). Calculate the highest common factor of 2086 and c.
7
Let d be ((-4)/6)/((-2)/12). Let o(c) = 61*c - 152. Let h be o(4). Calculate the greatest common divisor of h and d.
4
Let x(d) = 2 - 10*d - d**2 + 12*d - 19 - 11. Let j be x(0). Let v be -3 - (j - (-2 + 0/(-4))). Calculate the greatest common factor of v and 46.
23
Let j be (243/72)/(-9)*-136. Suppose i - 27 = -4*o, -4*i = o - j + 3. Calculate the greatest common divisor of i and 341.
11
Let r(c) = c**2 - 36*c - 64. Let j be r(38). Let f be (4 - 45/j) + (-895)/(-4). Calculate the greatest common divisor of f and 32.
32
Let o = 295 - 325. Let a be ((-42)/4)/(o/160) + 1. Calculate the highest common divisor of a and 399.
57
Let a(o) = 6*o**3 + 69*o**2 + 38*o + 143. Let p be a(-11). Calculate the greatest common divisor of 5258 and p.
22
Suppose 1062 = 20*j - 498. Suppose g = 4*g - j. Calculate the greatest common divisor of 91 and g.
13
Let v be (-45)/5*((-69)/(-6))/((-21)/1204). What is the greatest common divisor of 138 and v?
138
Let n be (-12 - -73)*(1 - 0) + -5. Suppose n*t - 47*t = 126. Calculate the greatest common factor of 560 and t.
14
Suppose 2 + 12 = 4*f - 5*x, 0 = f + 2*x - 10. Let c be 6/18 - 2/f. Suppose -52*h + 57*h - 25 = c. What is the highest common factor of h and 15?
5
Let w(d) be the third derivative of -d**6/120 - d**5/10 + 3*d**4/8 - 13*d**3/6 - 103*d**2. Let m be w(-8). What is the greatest common factor of 172 and m?
43
Suppose 2*w - 5*c = 2234, 0 = 2*w + 5*c + 293 - 2547. Suppose -y + 3*x = -216, 5*y - 2*x = -x + w. What is the greatest common divisor of y and 135?
45
Let f be (6/14)/(15/(-70))*(-69)/2. Let i = 234 - 96. Calculate the greatest common factor of f and i.
69
Suppose 3*y = 16*p - 17*p + 4629, -3*y = 2*p - 9237. Calculate the highest common divisor of p and 18.
18
Let d(p) = 2*p**3 - 210*p**2 + 206*p + 260. Let n be d(104). Calculate the highest common factor of 611 and n.
13
Let w = -85 - -89. Suppose 177 = w*r + 37. Calculate the highest common factor of 245 and r.
35
Let v = -469 - -669. Let f = 615 + -490. What is the greatest common divisor of v and f?
25
Let b = -9821 + 9824. What is the highest common factor of 1149 and b?
3
Let s(o) = -o + 11. Let x be s(13). Let a be (3/(-9) + (-225)/54)*x. What is the highest common factor of a and 84?
3
Let y(r) = 16*r + 28. Let j = -50 - -53. Let f be y(j). What is the highest common factor of 95 and f?
19
Suppose 10*w + 76 - 406 = 0. Suppose 0 = 29*g - w*g - 12. Let y be 1 + 13 - (-7 - g). Calculate the highest common divisor of 198 and y.
18
Let w = -731 + 1355. Let f = 984 - w. Calculate the highest common factor of 270 and f.
90
Let s(a) = 3*a**2 + 2*a + 16. Let g be s(9). Suppose 4*q = -0*q + w + 331, 5*w = -3*q + g. Calculate the highest common divisor of 1008 and q.
84
Let w(b) = 3*b**2 - 4*b - 2. Let n be w(2). Let h = 4 - n. Let z be h - (0 + -2 + -18). What is the greatest common divisor of 55 and z?
11
Let a(j) = -j**3 - 7*j**2 + 114*j + 66. Let p be a(-15). What is the greatest common divisor of p and 540?
12
Let t = -379 - -282. Let q = t + 147. What is the greatest common divisor of 200 and q?
50
Let h(n) = -31*n - 13. Let d be h(-1). Calculate the greatest common factor of d and 2169.
9
Suppose -5 = 5*q + 5. Let g be 154 + q + 3 - 4. Let a = g + -66. What is the highest common divisor of 34 and a?
17
Let u be (-42)/9 + (-5 - -10) + (-208)/(-6). Calculate the highest common divisor of 1729 and u.
7
Let j(a) = -2*a - 9. Let c be j(-11). Let d = 4250 - 3990. Calculate the highest common factor of d and c.
13
Let b(z) = 72*z - 19*z - 28*z - 24*z. Let f(r) = r**2 + 8*r - 48. Let n(i) = 3*b(i) + f(i). Let y be n(-18). What is the greatest common factor of 26 and y?
26
Suppose 4*s + 4*m = 192, -6 = -2*m + 4. Let c be 42*2 + (17 - 15). Calculate the highest common factor of c and s.
43
Let n = 673 - -4447. What is the highest common factor of n and 20?
20
Suppose -16 = -t + 4*k, -9*t - 3*k = -5*t - 45. What is the highest common factor of 3282 and t?
6
Let q be (4 - (-35)/(-10))/(1/(-838)). Let u = q + 420. What is the highest common factor of u and 41?
1
Suppose r + y + 1 = 0, 4*r - 5*y + y = 4. Suppose -l + 4*v + 257 = -r*v, 0 = -2*l - 2*v + 484. What is the greatest common divisor of 35 and l?
35
Suppose -577 - 5208 = -5*i. Suppose 4*w + 4*l = 928, -2*w - 2*l + i = 3*w. Calculate the greatest common factor of w and 21.
21
Let u be 0 + (-2)/2 - -15. Let p be -10*((-135)/75 - 22). What is the highest common factor of u and p?
14
Let z = -312 + 317. Suppose 14*u - 13*u = -z*x + 67, 0 = -3*u + 2*x + 167. Calculate the greatest common factor of 3 and u.
3
Suppose 20*b - 18*b - 50 = 3*f, 4*f - 171 = -5*b. Suppose 0 = 2*v - 10*v + 744. What is the greatest common factor of b and v?
31
Let j = 2177 - -3736. Calculate the highest common factor of 81 and j.
81
Let z = -1372 + 2128. Suppose -32*r - z = -38*r. What is the highest common divisor of r and 9?
9
Suppose 3*c = f + 2739, 0 = -39*c + 42*c - 3*f - 2745. Calculate the greatest common factor of c and 3800.
152
Suppose -z = -5*y + 6 + 2, 0 = -3*y + z + 6. Let l(m) = 117*m - 1. Let r be l(y). Suppose -410 = -6*u - r. Calculate the highest common divisor of u and 7.
7
Let n be (-296 + 8)*(-72 + -5). What is the highest common factor of n and 84?
84
Let j be (86838/45)/(3/(-15))*54/(-36). What is the highest common factor of j and 41?
41
Suppose 17*p - 23400 = -135*p - 4*p. What is the highest common factor of 30750 and p?
150
Let r be (-505)/(-15) + 2/(-3). Let l be -2*(-7)/(-4 + 5). Suppose l*a - 122 - 32 = 0. What is the greatest common factor of r and a?
11
Suppose 4*w - 150 = -55*q + 52*q, 0 = -q - 6. What is the highest common divisor of 1624 and w?
14
Let l(u) = -3*u**3 - 17*u**2 + 52*u + 4. Let o be l(-8). What is the greatest common factor of o and 36?
36
Let g(p) = p**3 - 28*p**2 - 25*p - 77. Let z(y) = 8*y - 11. Let x be z(5). Let v be g(x). Calculate the greatest common divisor of v and 13.
13
Let h be (-1810)/(-25) - (-9)/15. Suppose 14*m = 19*m + 315. Let s = h + m. Calculate the highest common divisor of s and 210.
10
Suppose 2*s + 9 + 3 = 4*d, -5*d + s + 9 = 0. Let c = 894 + -896. Let r be ((-125)/c - -1) + d/(-2). Calculate the highest common divisor of r and 21.
21
Let a = -2486 - -2509. What is the greatest common divisor of 943 and a?
23
Let c be (-52)/(-6)*9/2. Suppose 48*t = 61*t - 7202. Let d = 580 - t. What is the highest common fact